hen 28 is divided by m/40 - 2/(-5).
13
Calculate the remainder when 15 - (-1 + 0)/1 is divided by 6.
4
Let i(y) = 6*y - 79*y - y + 2 - 4. Let t be i(-4). Suppose -4*u + 4*s = -274 + 26, -5*u = -s - t. Calculate the remainder when u is divided by 20.
18
Let a(c) = 4*c**2 - 38*c - 17. Suppose -2*p + 5 + 7 = 2*h, 14 = 3*p + h. Calculate the remainder when p is divided by a(10).
1
Suppose -2*v + 27 = 7. Suppose 6*k - 10*k = -16. What is the remainder when v is divided by k?
2
Let d(l) = l**3 + l**2 + l + 5. Let p be (0 + 1)*(0 - 0). Let j be d(p). Let h(m) = 3*m - 3. What is the remainder when 23 is divided by h(j)?
11
Suppose -37 = -4*c + 91. Let a(v) = -v**3 - 2*v**2 + v + 1. Calculate the remainder when c is divided by a(-3).
4
Let i be 1 + 2 + 0 - 10. Let j = 11 + i. Calculate the remainder when 5 is divided by j.
1
Suppose -4*s + 56 = 4*v, 5*v - 5*s + 0*s - 90 = 0. Suppose 0 = -3*r - r + v. Calculate the remainder when 9 is divided by r.
1
Suppose -2*b + 20 = 2*b. Let h be (-2)/(-2)*(19 + -4). Suppose b*s - h = 80. Calculate the remainder when 55 is divided by s.
17
Let x = 7 + 22. Calculate the remainder when x is divided by 10.
9
Suppose -5*z + 2*z = 15. Let j = 2 + z. Let m = 19 - j. What is the remainder when m is divided by 12?
10
Let k(u) = 23*u**2 - 2*u - 1. Suppose 0 = -5*m + 2*o + 160, -70 + 6 = -2*m + 2*o. What is the remainder when k(-2) is divided by m?
31
Let v(x) = 4*x - x - 4 + 4*x. Calculate the remainder when v(5) is divided by ((-24)/(-10))/((-3)/(-20)).
15
Suppose -s + 2*i = -3*s + 42, -4*s - 3*i = -79. Calculate the remainder when 28 is divided by s.
12
What is the remainder when 25 is divided by ((-24)/(-28))/((-4)/(-42))?
7
Suppose -3*p + 96 = -51. Let c be ((-153)/(-12))/(6/16). Calculate the remainder when p is divided by 0 - c/(0 + -2).
15
Let j = -48 + 88. Suppose 0 = -3*k - k + j. Let r = 14 + -8. What is the remainder when k is divided by r?
4
Suppose -5 = -2*o - 17. Let l be (0 + -1)/(o/246). Suppose 0 = 5*n - l + 11. What is the remainder when 10 is divided by n?
4
Suppose 7*q + 376 = 11*q. What is the remainder when q is divided by 19?
18
Suppose -3*o = 2*o - 70. Let j(y) be the third derivative of -y**5/60 + 2*y**4/3 - 5*y**3/2 - 4*y**2. Calculate the remainder when j(11) is divided by o.
12
Let m = -37 - -65. Calculate the remainder when m is divided by 136/14 - 6/(-21).
8
Let k(y) = 2*y - 22. Calculate the remainder when 126 is divided by k(19).
14
Suppose 5*r + 2*j - 523 = 0, -5*j = -r + 2*r - 123. Suppose 5 = 4*q - r. Calculate the remainder when q is divided by 14.
13
Let f(j) = j + 2. Calculate the remainder when 6 is divided by f(1).
0
Let z = 8 + -6. Suppose -2 - z = -y. Calculate the remainder when 7 is divided by y.
3
Suppose -5*j = -f - 11 - 9, 3*f + 100 = -5*j. Let i be -3*(f/9 + -2). Suppose 0 = 3*k - i - 41. What is the remainder when k is divided by 10?
9
Suppose 7*o = 226 - 58. What is the remainder when o is divided by 13?
11
Suppose 3*w - w - 108 = 0. Suppose -2*t + w = -0*t. Calculate the remainder when 79 is divided by t.
25
Let i = 0 + -5. Let n be (-16)/(-6)*(-15)/i. Suppose 0 = t - 2 - n. What is the remainder when 18 is divided by t?
8
Let v = -36 + 43. What is the remainder when 19 is divided by v?
5
Suppose -q + 3*d + 24 = 0, d - 2*d + 27 = 2*q. What is the remainder when q is divided by 9?
6
Let m = -35 + 41. Calculate the remainder when 10 is divided by m.
4
Suppose 5*g = -3*u + 37, -3 = -0*g - g - 5*u. Let v = -3 + g. Let b = 9 - 1. Calculate the remainder when b is divided by v.
3
Let q be 6/4 - (-1008)/32. Suppose 2*b - q = 3. Calculate the remainder when b is divided by 4.
2
Suppose 28 = -3*k + 91. Calculate the remainder when k is divided by 11.
10
Suppose 0 = 2*p + j - 127 + 41, 2*p + 4*j = 80. Let u = -34 + 70. Calculate the remainder when p is divided by (-118)/(-8) + 9/u.
14
Suppose 0 = -x - 2*x + 9. Let t(h) = h**3 + 3*h**2 - 4*h - 4. What is the remainder when t(-3) is divided by x?
2
Suppose 0 = -12*b + 8*b + 44. What is the remainder when b is divided by 7?
4
Calculate the remainder when 5 is divided by (20/35)/(1/7).
1
Let s = 35 - -4. Calculate the remainder when s is divided by 27/(-45) - (-146)/10.
11
Let s be 16/5 + (-6)/30. Suppose 2*u + 75 = 5*q - 3*u, s*q + 5*u = 13. Suppose -g + 7 + 13 = 0. Calculate the remainder when g is divided by q.
9
Let c(y) = -y + 1. Let f(q) = 2*q - 5. Let l(j) = 4*c(j) + f(j). What is the remainder when l(-8) is divided by 8?
7
Suppose q = 4*q + 3*w - 129, 4*w = 3*q - 150. Suppose q = 3*t - 35. Let j = t + 8. What is the remainder when j is divided by 12?
11
Let u = -63 - -72. Let c = 39 - 6. Calculate the remainder when c is divided by u.
6
Calculate the remainder when (-1)/2*2*-25 is divided by (-3)/(-2) + 45/6.
7
What is the remainder when ((7 - 6) + 0)/((-1)/(-27)) is divided by 12?
3
Let o(h) = -h**2 + 2*h + 18. Suppose 2*l + 7*t - 58 = 4*t, l - 5*t = 55. What is the remainder when l is divided by o(0)?
17
Suppose 2*z - 18 = 2*f - 50, 5*z - 46 = -2*f. What is the remainder when 51 is divided by f?
15
Let z = 36 + -6. What is the remainder when z is divided by 18?
12
Let i = 101 - 273. Calculate the remainder when 20 is divided by i/(-16) + 2/8.
9
Let s(d) = 2*d**2 - 1. Let p be s(-1). Let b be 4*(p + (-18)/(-8)). Suppose -2*n = 3*l - b, -8*n + 3*n = l. What is the remainder when 9 is divided by l?
4
Let c = 5 + 10. Let f = -81 + 168. Calculate the remainder when f is divided by c.
12
Let p = 58 + 4. Calculate the remainder when p is divided by 21.
20
Suppose 3*o - k - 24 = 0, 0*k + 5*k + 1 = -2*o. Calculate the remainder when 55/2 + (-3)/2 is divided by o.
5
Let x(u) = 4*u + 11. Let g(p) = 3*p + 11. Suppose -20 = 7*k - 2*k. Let h(i) = k*x(i) + 5*g(i). Calculate the remainder when 8 is divided by h(8).
2
Suppose -z - 4*z = 20. Calculate the remainder when 26 is divided by (-58)/z + 1/(-2).
12
Let l be 28/16*(2 + 2). Let w(f) = -f + 4. Let n be w(4). Let p = l - n. Calculate the remainder when 13 is divided by p.
6
Let m(d) = 4*d - 3. Let j be m(6). Suppose 4*a + j - 1 = 0. What is the remainder when (-6)/(-15) - 228/a is divided by 16?
14
Suppose -32 = -4*x - 0*x. Suppose 3*v = -4*s + x + 25, 4*s - v = 21. Calculate the remainder when ((-4)/(-5))/(2/55) is divided by s.
4
Let s = 3 + 15. Let v = 79 + -74. What is the remainder when s is divided by v?
3
Let a(l) = -28*l + 6. What is the remainder when a(-5) is divided by 37?
35
Suppose w + 0 = 2. Suppose -2*d + 16 = 3*h, -4*h + 5*d = -w*h - 17. Suppose 2*s - s = 4. What is the remainder when h is divided by s?
2
Suppose 3*s + 4 = 4*s. Suppose s = 3*q - 2*q. Suppose -4*j = -8, 0 = -q*k + 2*k - 2*j + 40. Calculate the remainder when k is divided by 10.
8
Let s(p) = 9*p**2 - 2. Let n(o) = 3*o**2 - o. Let w be n(1). Let k(t) = t**3 - 5*t**2 - 3*t - 6. What is the remainder when s(w) is divided by k(6)?
10
Suppose 4*o + 43 = -3*r + 124, -r - 51 = -3*o. Suppose -5*g = -4*g - 34. Calculate the remainder when g is divided by o.
16
Let a(u) = u**3 + u**2 - 5*u + 2. Suppose -50 + 10 = -5*m. Calculate the remainder when a(3) is divided by m.
7
Let y = 69 - 45. Let h = -109 - -118. Calculate the remainder when y is divided by h.
6
Suppose 2*f - 228 - 8 = 0. What is the remainder when f is divided by 30?
28
Let h = 0 + 9. Let f = h - -8. Calculate the remainder when 66 is divided by f.
15
What is the remainder when 49 is divided by (-1)/(0 - (-2)/(-34))?
15
Suppose -8 = -4*l, 0 = -4*q + q - 2*l + 16. Calculate the remainder when q is divided by 3.
1
Suppose 3*o + 24 = 6*o. Suppose -35 = -13*b + o*b. What is the remainder when 20 is divided by b?
6
Let d be (-4)/(-6) + (-32)/(-6). Suppose d + 1 = w. What is the remainder when 13 is divided by w?
6
Let t(d) = -d**3 - 9*d**2 - d + 4. Suppose -8 = 3*z + 19. What is the remainder when 24 is divided by t(z)?
11
Suppose -z = 2*z - 84. Let c = z - 16. What is the remainder when 34 is divided by c?
10
Let i(u) = -u**2 + 3*u + 3. Let a be i(3). Let m be (-14)/(2/1) + a. Calculate the remainder when 7 is divided by (-1 - m/1) + -1.
1
Let m(z) = -4*z - 29. What is the remainder when m(-19) is divided by 12?
11
Let z = -76 - -122. Calculate the remainder when z is divided by (1 + -4)*35/(-21) - -7.
10
Suppose 4 = 5*p - 6. Let j(i) = -i**3 - 1 + 0 - p*i 